{"id":3141,"date":"2023-10-24T08:07:00","date_gmt":"2023-10-24T06:07:00","guid":{"rendered":"https:\/\/horizont.zenit.de\/events\/niederschwellige-europaeische-foerdermittel-erkennen-fuer-kmus-cascade-funding-bereich\/"},"modified":"2023-11-02T14:35:14","modified_gmt":"2023-11-02T13:35:14","slug":"niederschwellige-europaeische-foerdermittel-erkennen-fuer-kmus-cascade-funding-bereich","status":"publish","type":"ajde_events","link":"https:\/\/horizont.zenit.de\/en\/events\/niederschwellige-europaeische-foerdermittel-erkennen-fuer-kmus-cascade-funding-bereich\/","title":{"rendered":"Niederschwellige Europ\u00e4ische F\u00f6rdermittel erkennen f\u00fcr KMUs: Cascade Funding-Bereich"},"content":{"rendered":"\n<p class=\"wp-block-paragraph\">Unter dem Stichwort Cascade Funding stellt NRW.Europa am 28. November eine besondere Form von F\u00f6rdermitteln im Rahmen eines Online-Webinars vor<\/p>\n\n\n\n<p class=\"wp-block-paragraph\"><a id=\"_msocom_2\"><\/a><\/p>\n","protected":false},"author":12,"featured_media":406,"menu_order":0,"comment_status":"open","ping_status":"closed","template":"","meta":{"_acf_changed":true},"tags":[],"event_type":[],"event_type_2":[],"class_list":["post-3141","ajde_events","type-ajde_events","status-publish","has-post-thumbnail","hentry","event_location-digital-via-zoom","event_organizer-nrw-europa"],"acf":[],"_links":{"self":[{"href":"https:\/\/horizont.zenit.de\/en\/wp-json\/wp\/v2\/ajde_events\/3141","targetHints":{"allow":["GET"]}}],"collection":[{"href":"https:\/\/horizont.zenit.de\/en\/wp-json\/wp\/v2\/ajde_events"}],"about":[{"href":"https:\/\/horizont.zenit.de\/en\/wp-json\/wp\/v2\/types\/ajde_events"}],"author":[{"embeddable":true,"href":"https:\/\/horizont.zenit.de\/en\/wp-json\/wp\/v2\/users\/12"}],"replies":[{"embeddable":true,"href":"https:\/\/horizont.zenit.de\/en\/wp-json\/wp\/v2\/comments?post=3141"}],"wp:featuredmedia":[{"embeddable":true,"href":"https:\/\/horizont.zenit.de\/en\/wp-json\/wp\/v2\/media\/406"}],"wp:attachment":[{"href":"https:\/\/horizont.zenit.de\/en\/wp-json\/wp\/v2\/media?parent=3141"}],"wp:term":[{"taxonomy":"post_tag","embeddable":true,"href":"https:\/\/horizont.zenit.de\/en\/wp-json\/wp\/v2\/tags?post=3141"},{"taxonomy":"event_type","embeddable":true,"href":"https:\/\/horizont.zenit.de\/en\/wp-json\/wp\/v2\/event_type?post=3141"},{"taxonomy":"event_type_2","embeddable":true,"href":"https:\/\/horizont.zenit.de\/en\/wp-json\/wp\/v2\/event_type_2?post=3141"}],"curies":[{"name":"wp","href":"https:\/\/api.w.org\/{rel}","templated":true}]}}

Niederschwellige Europäische Fördermittel erkennen für KMUs: Cascade Funding-Bereich

<p class="wp-block-paragraph">Unter dem Stichwort Cascade Funding stellt NRW.Europa am 28. November eine besondere Form von Fördermitteln im Rahmen eines Online-Webinars vor</p>



<p class="wp-block-paragraph"><a id="_msocom_2"></a></p>
