{"id":2987,"date":"2023-06-14T13:23:09","date_gmt":"2023-06-14T11:23:09","guid":{"rendered":"https:\/\/horizont.zenit.de\/events\/nrw-fit-in-europa-erfolgreiche-antragstellung-in-horizont-europa-2\/"},"modified":"2025-09-26T13:48:38","modified_gmt":"2025-09-26T11:48:38","slug":"nrw-fit-in-europa-erfolgreiche-antragstellung-in-horizont-europa-2","status":"publish","type":"ajde_events","link":"https:\/\/horizont.zenit.de\/en\/events\/nrw-fit-in-europa-erfolgreiche-antragstellung-in-horizont-europa-2\/","title":{"rendered":"NRW-FIT in Europa: Projektmanagement in Horizont Europa f\u00fcr Verbundprojekte"},"content":{"rendered":"\n<p class=\"wp-block-paragraph\">Am 22. August 2023 bieten wir gemeinsam mit der Nationalen Kontaktstelle Recht und Finanzen und in Kooperation mit der Universit\u00e4t Bonn im Projekt NRW.Europa eine Schulung aus der Reihe NRW-FIT in Europa zum Thema <strong>\u201e<\/strong>Projektmanagement in Horizont Europa f\u00fcr Verbundprojekte<strong>\u201c<\/strong> an.<\/p>\n\n\n\n<p class=\"wp-block-paragraph\">Ziel der Pr\u00e4senz-Veranstaltung ist es, die Teilnehmerinnen und Teilnehmer darauf vorzubereiten und in die Lage zu versetzen, ihre genehmigten EU-Projekte in Horizont 2020 bzw. Horizont Europa effektiv und erfolgreich zu managen.<\/p>\n\n\n\n<p class=\"wp-block-paragraph\">Das Seminar richtet sich an Projektmanagerinnen und Projektmanager von kommenden Projekten in Horizont Europa, aber auch an Projektmangerinnen und Projektmanager in aktuell laufenden Projekten in Horizont 2020 bzw. in Horizont Europa. Solide Grundkenntnisse zu Horizont 2020 bzw. Horizont Europa sind hilfreich.<\/p>\n\n\n\n<hr class=\"wp-block-separator has-alpha-channel-opacity\"\/>\n\n\n\n<p class=\"wp-block-paragraph\"><strong><strong>Inhalte des Seminars sind:<\/strong><\/strong><\/p>\n\n\n\n<ul class=\"wp-block-list\">\n<li>Phasen und Instrumente des Projektmanagements (Projektinitiierung, Projektdurchf\u00fchrung und Projektabschluss), mit Fokus auf Fragen der Budgetplanung und -verwendung<\/li>\n\n\n\n<li>Erfahrungsbericht einer erfolgreichen Projektmanagerin bzw. eines erfolgreichen Projektmanagers<\/li>\n\n\n\n<li>M\u00f6glichkeiten zur Kooperationspartnersuche f\u00fcr EU-Projekte sowie verschiedenen Unterst\u00fctzungsangebote u.a. des Enterprise Europe Networks\/NRW.Europa<\/li>\n\n\n\n<li>interaktiver Austausch zu individuellen Fragestellungen mit Vertreterinnen und Vertretern der Nationalen Kontaktstelle Recht und Finanzen, ZENIT und der Universit\u00e4t Bonn<\/li>\n<\/ul>\n\n\n\n<hr class=\"wp-block-separator has-alpha-channel-opacity\"\/>\n\n\n\n<p class=\"wp-block-paragraph\">Die Veranstaltungsreihe wird vom Ministerium f\u00fcr Kultur und Wissenschaft des Landes Nordrhein-Westfalen gef\u00f6rdert. Es wird eine Teilnahmegeb\u00fchr in H\u00f6he von 50 Euro (Veranstaltungsunterlagen und Verpflegung inklusive, zzgl. MwSt.) erhoben.<\/p>\n\n\n\n<hr class=\"wp-block-separator has-alpha-channel-opacity\"\/>\n\n\n\n<p class=\"wp-block-paragraph\">Die Veranstaltung findet bei der <\/p>\n\n\n\n<p class=\"has-text-align-center wp-block-paragraph\"><strong>Universit\u00e4t Bonn<\/strong> (<strong>Raum \u201eLyra\u201c (1.009)<\/strong>)<br><strong>Poppelsdorfer Allee 47<\/strong><br><strong>53115 Bonn<\/strong><\/p>\n\n\n\n<p class=\"wp-block-paragraph\"><strong> <\/strong>statt.<\/p>\n\n\n\n<p class=\"wp-block-paragraph\"><\/p>\n","protected":false},"author":11,"featured_media":1631,"menu_order":0,"comment_status":"open","ping_status":"closed","template":"","meta":{"_acf_changed":true},"tags":[],"event_type":[],"event_type_2":[],"class_list":["post-2987","ajde_events","type-ajde_events","status-publish","has-post-thumbnail","hentry","event_location-universitaet-bonn","event_organizer-nrw-europa"],"acf":[],"_links":{"self":[{"href":"https:\/\/horizont.zenit.de\/en\/wp-json\/wp\/v2\/ajde_events\/2987","targetHints":{"allow":["GET"]}}],"collection":[{"href":"https:\/\/horizont.zenit.de\/en\/wp-json\/wp\/v2\/ajde_events"}],"about":[{"href":"https:\/\/horizont.zenit.de\/en\/wp-json\/wp\/v2\/types\/ajde_events"}],"author":[{"embeddable":true,"href":"https:\/\/horizont.zenit.de\/en\/wp-json\/wp\/v2\/users\/11"}],"replies":[{"embeddable":true,"href":"https:\/\/horizont.zenit.de\/en\/wp-json\/wp\/v2\/comments?post=2987"}],"wp:featuredmedia":[{"embeddable":true,"href":"https:\/\/horizont.zenit.de\/en\/wp-json\/wp\/v2\/media\/1631"}],"wp:attachment":[{"href":"https:\/\/horizont.zenit.de\/en\/wp-json\/wp\/v2\/media?parent=2987"}],"wp:term":[{"taxonomy":"post_tag","embeddable":true,"href":"https:\/\/horizont.zenit.de\/en\/wp-json\/wp\/v2\/tags?post=2987"},{"taxonomy":"event_type","embeddable":true,"href":"https:\/\/horizont.zenit.de\/en\/wp-json\/wp\/v2\/event_type?post=2987"},{"taxonomy":"event_type_2","embeddable":true,"href":"https:\/\/horizont.zenit.de\/en\/wp-json\/wp\/v2\/event_type_2?post=2987"}],"curies":[{"name":"wp","href":"https:\/\/api.w.org\/{rel}","templated":true}]}}

NRW-FIT in Europa: Projektmanagement in Horizont Europa für Verbundprojekte

<p class="wp-block-paragraph">Am 22. August 2023 bieten wir gemeinsam mit der Nationalen Kontaktstelle Recht und Finanzen und in Kooperation mit der Universität Bonn im Projekt NRW.Europa eine Schulung aus der Reihe NRW-FIT in Europa zum Thema <strong>„</strong>Projektmanagement in Horizont Europa für Verbundprojekte<strong>“</strong> an.</p>



<p class="wp-block-paragraph">Ziel der Präsenz-Veranstaltung ist es, die Teilnehmerinnen und Teilnehmer darauf vorzubereiten und in die Lage zu versetzen, ihre genehmigten EU-Projekte in Horizont 2020 bzw. Horizont Europa effektiv und erfolgreich zu managen.</p>



<p class="wp-block-paragraph">Das Seminar richtet sich an Projektmanagerinnen und Projektmanager von kommenden Projekten in Horizont Europa, aber auch an Projektmangerinnen und Projektmanager in aktuell laufenden Projekten in Horizont 2020 bzw. in Horizont Europa. Solide Grundkenntnisse zu Horizont 2020 bzw. Horizont Europa sind hilfreich.</p>



<hr class="wp-block-separator has-alpha-channel-opacity"/>



<p class="wp-block-paragraph"><strong><strong>Inhalte des Seminars sind:</strong></strong></p>



<ul class="wp-block-list">
<li>Phasen und Instrumente des Projektmanagements (Projektinitiierung, Projektdurchführung und Projektabschluss), mit Fokus auf Fragen der Budgetplanung und -verwendung</li>



<li>Erfahrungsbericht einer erfolgreichen Projektmanagerin bzw. eines erfolgreichen Projektmanagers</li>



<li>Möglichkeiten zur Kooperationspartnersuche für EU-Projekte sowie verschiedenen Unterstützungsangebote u.a. des Enterprise Europe Networks/NRW.Europa</li>



<li>interaktiver Austausch zu individuellen Fragestellungen mit Vertreterinnen und Vertretern der Nationalen Kontaktstelle Recht und Finanzen, ZENIT und der Universität Bonn</li>
</ul>



<hr class="wp-block-separator has-alpha-channel-opacity"/>



<p class="wp-block-paragraph">Die Veranstaltungsreihe wird vom Ministerium für Kultur und Wissenschaft des Landes Nordrhein-Westfalen gefördert. Es wird eine Teilnahmegebühr in Höhe von 50 Euro (Veranstaltungsunterlagen und Verpflegung inklusive, zzgl. MwSt.) erhoben.</p>



<hr class="wp-block-separator has-alpha-channel-opacity"/>



<p class="wp-block-paragraph">Die Veranstaltung findet bei der </p>



<p class="has-text-align-center wp-block-paragraph"><strong>Universität Bonn</strong> (<strong>Raum „Lyra“ (1.009)</strong>)<br><strong>Poppelsdorfer Allee 47</strong><br><strong>53115 Bonn</strong></p>



<p class="wp-block-paragraph"><strong> </strong>statt.</p>



<p class="wp-block-paragraph"></p>
