{"id":1522,"date":"2022-05-02T08:55:56","date_gmt":"2022-05-02T06:55:56","guid":{"rendered":"https:\/\/horizont.zenit.de\/?post_type=ajde_events&#038;p=1522"},"modified":"2022-05-17T12:57:11","modified_gmt":"2022-05-17T10:57:11","slug":"eroffnung-der-digitalen-messe-horizont-europa-fur-nrw","status":"publish","type":"ajde_events","link":"https:\/\/horizont.zenit.de\/en\/events\/eroffnung-der-digitalen-messe-horizont-europa-fur-nrw\/","title":{"rendered":"Er\u00f6ffnung der digitalen Messe &#8220;Horizont Europa f\u00fcr NRW&#8221;"},"content":{"rendered":"\n<p class=\"wp-block-paragraph\">Wir m\u00f6chten Sie \u00fcber die Europ\u00e4ische Forschungs- und Innovationsf\u00f6rderung informieren und f\u00fcr eine Teilnahme begeistern. Dazu laden wir Sie im Auftrag des Ministeriums f\u00fcr Kultur und Wissenschaft des Landes Nordrhein-Westfalen herzlich zur Er\u00f6ffnung der digitalen Messe <strong>\u201eHorizont Europa f\u00fcr NRW \u2013 Die digitale Messe\u201c<\/strong> am <strong>17. Mai 2022 von 12 Uhr bis 13 Uhr<\/strong> ein.<\/p>\n","protected":false},"author":11,"featured_media":1524,"menu_order":0,"comment_status":"open","ping_status":"closed","template":"","meta":{"_acf_changed":true},"tags":[],"event_type":[],"event_type_2":[],"class_list":["post-1522","ajde_events","type-ajde_events","status-publish","has-post-thumbnail","hentry","event_location-digital-via-zoom","event_organizer-nrw-europa"],"acf":[],"_links":{"self":[{"href":"https:\/\/horizont.zenit.de\/en\/wp-json\/wp\/v2\/ajde_events\/1522","targetHints":{"allow":["GET"]}}],"collection":[{"href":"https:\/\/horizont.zenit.de\/en\/wp-json\/wp\/v2\/ajde_events"}],"about":[{"href":"https:\/\/horizont.zenit.de\/en\/wp-json\/wp\/v2\/types\/ajde_events"}],"author":[{"embeddable":true,"href":"https:\/\/horizont.zenit.de\/en\/wp-json\/wp\/v2\/users\/11"}],"replies":[{"embeddable":true,"href":"https:\/\/horizont.zenit.de\/en\/wp-json\/wp\/v2\/comments?post=1522"}],"wp:featuredmedia":[{"embeddable":true,"href":"https:\/\/horizont.zenit.de\/en\/wp-json\/wp\/v2\/media\/1524"}],"wp:attachment":[{"href":"https:\/\/horizont.zenit.de\/en\/wp-json\/wp\/v2\/media?parent=1522"}],"wp:term":[{"taxonomy":"post_tag","embeddable":true,"href":"https:\/\/horizont.zenit.de\/en\/wp-json\/wp\/v2\/tags?post=1522"},{"taxonomy":"event_type","embeddable":true,"href":"https:\/\/horizont.zenit.de\/en\/wp-json\/wp\/v2\/event_type?post=1522"},{"taxonomy":"event_type_2","embeddable":true,"href":"https:\/\/horizont.zenit.de\/en\/wp-json\/wp\/v2\/event_type_2?post=1522"}],"curies":[{"name":"wp","href":"https:\/\/api.w.org\/{rel}","templated":true}]}}

Eröffnung der digitalen Messe &#8220;Horizont Europa für NRW&#8221;

<p class="wp-block-paragraph">Wir möchten Sie über die Europäische Forschungs- und Innovationsförderung informieren und für eine Teilnahme begeistern. Dazu laden wir Sie im Auftrag des Ministeriums für Kultur und Wissenschaft des Landes Nordrhein-Westfalen herzlich zur Eröffnung der digitalen Messe <strong>„Horizont Europa für NRW – Die digitale Messe“</strong> am <strong>17. Mai 2022 von 12 Uhr bis 13 Uhr</strong> ein.</p>
